p be (-2 + -2)/((-1)/f*-1). Suppose -4*w + p = 0, 71 - 12 = 5*b + w. What is the highest common factor of b and 44?
11
Let h = -41 + 57. Let d = -15 + 21. Suppose -n - 5 = -d. What is the greatest common factor of n and h?
1
Suppose -5*d + 9 = -11. Suppose -5*f + 2*b = -27, d*f - 8 - 17 = 5*b. Suppose -175 = -3*q - 2*q. Calculate the highest common factor of q and f.
5
Let h(m) be the second derivative of 0 - 2/3*m**4 - 2/3*m**3 - 1/20*m**5 - 15/2*m**2 + 23*m. Let s be h(-8). What is the highest common factor of 136 and s?
17
Suppose 13*m + 42*m = 220. What is the highest common divisor of m and 122?
2
Let o be 14724/20 - (-1)/(-5). Suppose 26*s - 924 = -92. Calculate the highest common divisor of s and o.
32
Suppose -5*v - 19*m = -16*m - 235, 3*v + m - 137 = 0. Calculate the highest common factor of v and 352.
44
Suppose 3*g = -4*f - 1050, 7*g - 2 = 6*g. Let y = -255 - f. Calculate the greatest common divisor of y and 2.
1
Let i be (-48)/4 + (47 - -73). What is the highest common factor of i and 600?
12
Let a be 2 + (-3)/(15/(-25)). Suppose 99 = a*q - 153. Let d(i) = i**3 + 17*i**2 + 24. Let l be d(-17). What is the greatest common divisor of q and l?
12
Suppose k + 3*c - 864 = 0, -3*c - 4248 = -11*k + 6*k. What is the highest common factor of 48 and k?
12
Let q be (2175/(-100))/((-1)/(-1))*(-4)/3. Calculate the highest common divisor of 25723 and q.
29
Let y(j) be the second derivative of 5*j**3/6 + 47*j**2/2 + 7*j - 2. Let w be y(-7). Calculate the greatest common divisor of w and 96.
12
Let k = -511 + 2096. Suppose -4*s + k - 200 = 3*u, s + u - 345 = 0. Calculate the greatest common factor of s and 5.
5
Suppose -3*g + 9 - 12 = 0. Let f be g + 2528 - 0/(-1). Let i be f/49 + 3/7. Calculate the highest common divisor of 13 and i.
13
Suppose 43*j + 64*j = 5*j + 13668. Suppose -4*y = a - 3, 5*y + 4*a - 2*a = 0. Calculate the highest common factor of j and y.
2
Suppose -7*v = v - 504. Suppose -53*o = -517 - 1709. What is the highest common divisor of o and v?
21
Let n(m) = -479*m - 744. Let q be n(-6). What is the highest common factor of 60 and q?
30
Suppose 0 = -30*b + 25*b + 95. Let y(t) = -11*t + 313. Let x be y(b). Calculate the greatest common divisor of 39 and x.
13
Suppose 4*s = -g - 112, 52 = -g + 5*s - 33. Let a be 1240/(-14) - ((-32)/7 + 5). Let p = a - g. What is the highest common factor of 143 and p?
11
Let b = 127 + -138. Let z(x) = -2*x. Let k be z(b). Calculate the highest common divisor of k and 176.
22
Let c be (-25)/(275/198)*1/3. Let t be (-6 + 5)/(c/354). Calculate the greatest common divisor of t and 531.
59
Let a = 1781 - 1763. What is the highest common factor of 1890 and a?
18
Let f(g) = -109*g + 179. Let w be f(1). What is the greatest common factor of w and 315?
35
Let a be ((9 - 11) + -27)*-2. Let l = a - 41. Suppose b - 306 = -b. What is the greatest common factor of b and l?
17
Let g(p) = -63*p - 152. Let t be g(-4). Calculate the highest common divisor of 1025 and t.
25
Suppose 0 = -0*s + 17*s - 45083 + 9553. What is the highest common divisor of 110 and s?
110
Let x(b) be the second derivative of -b**4/6 + 17*b**3/6 + 2*b**2 - 13*b. Let c be x(8). What is the greatest common factor of 12 and c?
12
Suppose -26*a - 5*c = -48089, -3*a + 5749 - 214 = -4*c. What is the highest common divisor of a and 129?
43
Let c(a) be the second derivative of 32*a**3/3 + 103*a**2 - 6*a - 5. Let t be c(9). Calculate the highest common divisor of t and 46.
46
Let z(v) = -v**2 - 91*v - 1770. Let i be z(-33). What is the greatest common divisor of 828 and i?
36
Suppose 21*v - 39563 = -7916. Calculate the highest common divisor of v and 685.
137
Let w(u) = -16*u**3 + u**2 + 3*u + 2. Let a be w(-1). Let z(g) = -g**2 - 3. Let m be z(0). Let v = m + 7. Calculate the highest common factor of a and v.
4
Let j(l) = -2*l**2 - 9*l + 1. Let a(r) = -2*r**2 - 8*r + 2. Let d(x) = 5*a(x) - 6*j(x). Let o be d(9). What is the highest common factor of o and 73?
73
Let h(j) = j**2 + 5. Let i be h(13). Suppose 7*m - 2*m + 109 = -x, 0 = -2*x + m - i. Let l = -61 - x. Calculate the highest common factor of 112 and l.
28
Let r be ((-8)/(-3))/(2/3). Suppose 2 = -r*i + 18. Let p = -6986 + 7002. What is the greatest common factor of p and i?
4
Let p be 0/(-2) + 0/2. Suppose -5*r = u - 393, -7*r + 2*r + 3*u + 381 = p. Calculate the highest common factor of r and 12.
6
Let a = -42 + 48. Suppose -1634 = a*n - 4598. Calculate the highest common divisor of 13 and n.
13
Let p = 423 + -225. Let y = 318 - p. Suppose -9*l = -4*l - y. What is the highest common factor of 3 and l?
3
Let l(i) = -29*i**3 + i**2 - 79*i - 332. Let k be l(-4). Calculate the highest common divisor of k and 64.
64
Suppose 0 = -f - 30 + 58. Let y be 7/f + -3 + 43/4. Suppose 0 = -y*j + 57 + 47. Calculate the highest common factor of 26 and j.
13
Let m be (34 - 1)*52*(-6)/(-72). Calculate the highest common factor of 988 and m.
13
Let r = -26 + 32. Suppose 3*a = -4*b + 21 + r, -2*b - 3*a = -21. Suppose -b*j + 5*j = 44. Calculate the highest common divisor of 242 and j.
22
Let b(w) = 2*w - 19. Let n be b(10). Calculate the highest common divisor of 449 and n.
1
Let g(z) = 5324*z**2 + 12*z - 11. Let s be g(-1). Calculate the highest common divisor of 95 and s.
19
Let o = -8 + 77. Let d(j) = -9*j**2 + 634*j - 782. Let g be d(69). Calculate the greatest common divisor of g and o.
23
Suppose -3*y - 11 = -2*a, y - 6*y + a = 16. Let i(g) = -77*g + 9. Let l be i(y). Suppose 0 = -d - 4*d + l. Calculate the greatest common divisor of d and 12.
12
Let r be (-21)/(-1)*-18*10/(-135). Let b be ((-44)/10 + 4)/(1/(-10)). Calculate the greatest common factor of b and r.
4
Let i = -370 + 143. Let f = 417 + i. What is the greatest common factor of f and 38?
38
Let h = 21735 + -20085. What is the greatest common divisor of 13475 and h?
275
Suppose 0 = -5*k - 5, 3*q + 2*k + 75131 = 6*q. Suppose 31*r - q = -8179. What is the highest common divisor of 34 and r?
34
Let g = 3250 - 3210. What is the greatest common divisor of g and 4390?
10
Let i(d) = -d**3 - 9*d**2 - 12*d - 8. Let y = 5 + -13. Let w be i(y). Suppose 3*n + 40*n - 1032 = 0. What is the highest common factor of w and n?
24
Let v(g) = -3*g**2 - g - 1. Let f be v(2). Let i be (-80)/f - (-1)/(-3). Let n = 476 - 421. Calculate the greatest common factor of i and n.
5
Suppose 31 + 31 = 5*i + 4*x, 0 = 4*i + 5*x - 46. Calculate the greatest common factor of i and 14.
14
Let w = -149 + 229. Let g = -44 + w. Let p = -32 + g. Calculate the highest common factor of 20 and p.
4
Suppose 21*a - 91504 = -8*a - 123*a. Calculate the greatest common factor of a and 133.
7
Let x = -38 + 57. Let o be 3/2*(-4992)/(-36). Suppose 4*y - o - 608 = 4*q, 0 = -3*y - 4*q + 647. What is the greatest common factor of x and y?
19
Suppose 24 = -s + 5*s. Let y be (-385)/(-15) + 2/s. Suppose 2*q = -y + 70. Calculate the greatest common factor of q and 110.
22
Suppose 0 = -3*y + 73 - 1. Let c(n) = -5*n**2 - 602*n - 432. Let g be c(-118). What is the greatest common divisor of y and g?
24
Let j = 61 - 64. Let p be (-2 - 151)/(j/2 - 0). Suppose 5*w + 2 = p. What is the greatest common factor of 8 and w?
4
Suppose 0 = g - y - 10, 6*g - 3*y - 21 = 4*g. Let x be g/(-36)*48/(-2). What is the greatest common factor of 186 and x?
6
Suppose -4*b - 5*a = -2484, -5*b + 3092 = -a + 4*a. Suppose 12*x = b + 272. Calculate the highest common factor of 259 and x.
37
Let z = 94454 - 94442. Let f(x) = x**2 + 2*x - 3. Let b be f(-4). Let k(q) = q - 1. Let p be k(b). Calculate the greatest common factor of p and z.
4
Suppose 51*q + 70*q = 14883. Calculate the greatest common factor of 24 and q.
3
Let t(w) be the third derivative of w**6/120 + w**5/6 + 3*w**4/4 + 3*w**3 + 18*w**2 - 3*w. Let z be t(-8). Calculate the highest common divisor of z and 100.
2
Let h(t) = -t**3 - 7*t**2 - 13*t - 3. Let u = 64 - 70. Let w be h(u). What is the greatest common divisor of w and 156?
39
Let p be 9/(-36) + (-57)/(-4). Suppose 42*w + 105 - 273 = 0. Calculate the greatest common divisor of p and w.
2
Let w(k) = -k**3 + 28*k**2 - 74*k + 36. Let j be w(18). Calculate the highest common factor of j and 18.
18
Let y = 82 - -10. Suppose -5*i + y = -i. Suppose l = 197 + i. What is the highest common factor of 88 and l?
44
Let t(n)